
-5aa0220
In base 9, what is -1275283 + -27?
-1275321
In base 14, what is -2 + a511936?
a511934
In base 4, what is -11003312 - 3211330?
-20221302
In base 11, what is -20a9 + 27894?
25796
In base 7, what is 244062 - 25664?
215065
In base 8, what is 1727 - 4324?
-2375
In base 7, what is -3 - 2223304263?
-2223304266
In base 12, what is -174257 - -14?
-174243
In base 10, what is 4522473 - 76?
4522397
In base 11, what is 1570670 + 56?
1570716
In base 6, what is 5413145 - -35?
5413224
In base 3, what is -11 + 2000220010221?
2000220010210
In base 14, what is 1 - 1a74d92?
-1a74d91
In base 16, what is 1c08e + e4?
1c172
In base 9, what is 510080 + -20?
510060
In base 13, what is -333a + 124?
-3216
In base 16, what is -4c1390f - 2?
-4c13911
In base 6, what is 230044205 - -5?
230044214
In base 5, what is 441323103 - -214?
441323322
In base 13, what is -77c - -1101b?
1056c
In base 16, what is 138b - -17ff?
2b8a
In base 7, what is 152411 - 5152?
144226
In base 2, what is 100 - -101000010011110000110000011?
101000010011110000110000111
In base 14, what is 94a + -11644d?
-115903
In base 12, what is 8 + 346445?
346451
In base 4, what is 22013300303 + -1?
22013300302
In base 15, what is 2 + 232c5e?
232c61
In base 8, what is 2 - 52154354?
-52154352
In base 5, what is 402000304 + -21?
402000233
In base 15, what is -13242 - 458?
-1369a
In base 3, what is 22220010101021221 + -1?
22220010101021220
In base 3, what is 12000 - 1212012222?
-1212000222
In base 15, what is -20 - -dad35?
dad15
In base 2, what is -11100011100010001100 - -11?
-11100011100010001001
In base 6, what is -205145 - -152?
-204553
In base 3, what is -12112101220221 + -120?
-12112101221111
In base 7, what is 265 - -6162430?
6163025
In base 2, what is 11001010110100 - 110001111?
11000100100101
In base 12, what is 3a353 - 2b?
3a324
In base 8, what is 210 - -452566?
452776
In base 11, what is 44624 + -a?
44615
In base 12, what is 5 - -34202a7?
34202b0
In base 7, what is 24566 + -40161?
-12262
In base 10, what is 37 - 163793?
-163756
In base 10, what is -38441974 - -1?
-38441973
In base 2, what is -100 - 110101100101001010?
-110101100101001110
In base 16, what is 16 + -1660638?
-1660622
In base 13, what is 76 - -31450?
314c6
In base 5, what is -202141 - -40230?
-111411
In base 8, what is -4 - 1726037?
-1726043
In base 13, what is -102a3c + -197?
-102c06
In base 12, what is -2 - 13b2a32?
-13b2a34
In base 2, what is -1100110000100001010 - 1100000?
-1100110000101101010
In base 14, what is -11 - 5b0d6?
-5b107
In base 9, what is 14 - -2742844?
2742858
In base 16, what is -2c38 - 831?
-3469
In base 12, what is 4bb3a7 + -1?
4bb3a6
In base 10, what is 1241102 - -2?
1241104
In base 3, what is -1021102022110101 - 12?
-1021102022110120
In base 10, what is -1231 - -13391?
12160
In base 14, what is 472 - 2d11?
-287d
In base 13, what is -7537bab + -4?
-7537bb2
In base 9, what is -400176 + -2506?
-402683
In base 14, what is -2a6666 + -25?
-2a668b
In base 14, what is -138 + 685d?
6725
In base 11, what is 3339 + a179?
12507
In base 7, what is -1542 - 1503140?
-1505012
In base 4, what is -110310122133 + -100?
-110310122233
In base 8, what is -3 + -1745124203?
-1745124206
In base 4, what is 2010022301 + -203?
2010022032
In base 15, what is -65b0 + 11a?
-6495
In base 9, what is 721 - 15567?
-14746
In base 8, what is 273610160 - 4?
273610154
In base 8, what is 134604234 - -15?
134604251
In base 16, what is -8630 + 3fe1?
-464f
In base 2, what is 100010011000010 - 100?
100010010111110
In base 6, what is 12 - -352351044?
352351100
In base 2, what is 10000010010011100100 - 11001?
10000010010011001011
In base 12, what is -341 + -38ba88?
-390209
In base 7, what is 1630 - -45246?
50206
In base 8, what is 3231 + 137223?
142454
In base 12, what is 1b365 + a24?
20189
In base 9, what is 3804886 - -10?
3805006
In base 3, what is 2 - 22211111110212?
-22211111110210
In base 4, what is 113301211 - -23033?
113330310
In base 14, what is -98 - -1700a8?
170010
In base 8, what is -751130554 + 7?
-751130545
In base 6, what is -44 + -134124040?
-134124124
In base 16, what is 11938 + 2a2?
11bda
In base 12, what is 23 + b4334b?
b43372
In base 8, what is 16450 - 1632?
14616
In base 7, what is 12606061 - -50?
12606141
In base 5, what is 1003 + 31103442?
31110000
In base 14, what is 320782c0 - 2?
320782bc
In base 8, what is -1 - -1254601?
1254600
In base 6, what is -11353012 + 4?
-11353004
In base 6, what is -23 - 1151245332?
-1151245355
In base 6, what is -5245 + -2010?
-11255
In base 14, what is b45a665 + -5?
b45a660
In base 10, what is -173441 + 124?
-173317
In base 5, what is -42032024 + 12400?
-42014124
In base 3, what is 100002222 + 120101000?
220110222
In base 5, what is 1 + -3214121123?
-3214121122
In base 9, what is -1441 + 5677?
4236
In base 2, what is 1000000000 + -1010010001101101?
-1010001001101101
In base 11, what is 399326 - -6?
399331
In base 15, what is -161e - 86c4?
-9ce3
In base 11, what is 142 + -480a4?
-47a62
In base 12, what is -3293037 + 1?
-3293036
In base 8, what is 51672 - 1164?
50506
In base 13, what is 1bb13 + -4737?
173a9
In base 10, what is 569181 + -6?
569175
In base 5, what is -220031 - 1012000?
-1232031
In base 2, what is 11 - 1010010001001110010111000001?
-1010010001001110010110111110
In base 2, what is 100100010 - 111101010111010?
-111100110011000
In base 4, what is -11 + -12232231100000?
-12232231100011
In base 16, what is -5 + a3d97?
a3d92
In base 7, what is 10560 - -115204?
126064
In base 5, what is -1331 + -4120340?
-4122221
In base 14, what is -3 - -377d4a1?
377d49c
In base 8, what is -10 - 167470652?
-167470662
In base 4, what is 3 + -1133332133132?
-1133332133123
In base 7, what is 50 + -1103566?
-1103516
In base 12, what is -3 - -1462120?
1462119
In base 12, what is -7b6040 - -3?
-7b6039
In base 14, what is -13 - 7c910?
-7c923
In base 6, what is 4101225 + -1030?
4100155
In base 7, what is 40063361 - 12?
40063346
In base 4, what is -202312231 + -1102330?
-210021221
In base 13, what is 382 - 1393?
-1011
In base 9, what is 3527 - -147356?
151884
In base 5, what is -2 + -1043113130?
-1043113132
In base 11, what is 5a87 + 59a?
6576
In base 15, what is 48c115 - 5?
48c110
In base 11, what is 27 - 236374?
-236348
In base 8, what is 4 - 2433042?
-2433036
In base 9, what is -41 - 11277408?
-11277450
In base 12, what is -3 - 11631a01?
-11631a04
In base 10, what is 185004 - 11?
184993
In base 5, what is 2242 + 13243111?
13300403
In base 9, what is 3263 + 4058?
7332
In base 7, what is -12 - -500356455?
500356443
In base 5, what is -11 - 3320203220?
-3320203231
In base 14, what is 3 + -1d97ca52?
-1d97ca4d
In base 3, what is -100020 - -11020112?
10220022
In base 7, what is 23165 - -160410?
213605
In base 6, what is 20445434 + 12?
20445450
In base 10, what is 5 - 20010968?
-20010963
In base 8, what is -12764730 + 21?
-12764707
In base 12, what is -149968675 + 1?
-149968674
In base 9, what is 765163 + -12?
765151
In base 16, what is -a18dd + a?
-a18d3
In base 2, what is 100010001 + -10010011000011001?
-10010010100001000
In base 9, what is -1217 + -284335?
-285553
In base 13, what is -68 + 1aa9236?
1aa919b
In base 11, what is 29 - 181793?
-181765
In base 8, what is -4050177 + -111?
-4050310
In base 4, what is -230023 + -1210321102?
-1211211131
In base 7, what is 1502022 - 30?
1501662
In base 9, what is -213545180 + -3?
-213545183
In base 13, what is -202968 - bc?
-202a57
In base 8, what is 13107 - -27655?
42764
In base 8, what is -70116 + -552?
-70670
In base 16, what is -9 + -4050cca?
-4050cd3
In base 10, what is 42 + 1437457?
1437499
In base 4, what is 11312 + 231212223?
231230201
In base 10, what is 2605146 - -16?
2605162
In base 5, what is 3 - 11234114213?
-11234114210
In base 11, what is 21009 - -1108?
22116
In base 15, what is -555d566 + -2?
-555d568
In base 5, what is 2010420230 + -2?
2010420223
In base 15, what is -2b722 + -39?
-2b75b
In base 6, what is 154003 - 4433?
145130
In base 2, what is -110011001011100001010101 + 11?
-110011001011100001010010
In base 7, what is 2355105520 + 3?
2355105523
In base 11, what is 5 + -a054a264?
-a054a25a
In base 12, what is 4 + 411154?
411158
In base 4, what is -112333001002 - 130?
-112333001132
In base 13, what is -846c - 28a5?
-b044
In base 12, what is -1ab + -18135?
-18324
In 